{"id":38120,"date":"2023-11-15T21:07:00","date_gmt":"2023-11-15T20:07:00","guid":{"rendered":"https:\/\/mentorday.es\/mentoradvisor\/mentores\/vicente-maria-maria-del-arenal-otero\/"},"modified":"2024-01-24T12:11:41","modified_gmt":"2024-01-24T11:11:41","slug":"vicente-maria-maria-del-arenal-otero","status":"publish","type":"rtcl_listing","link":"https:\/\/mentorday.es\/mentoradvisor\/mentores\/vicente-maria-maria-del-arenal-otero\/","title":{"rendered":"VICENTE MAR\u00cdA MAR\u00cdA DEL ARENAL OTERO"},"content":{"rendered":"<p>VICENTE MAR\u00cdA DEL ARENAL OTERO<\/p>\n","protected":false},"author":1,"template":"","class_list":["post-38120","rtcl_listing","type-rtcl_listing","status-publish","hentry","rtcl_category-mentoradvisor","rtcl_location-espana","rtcl_location-pais-vasco","listing-item","rtcl-listing-item"],"_links":{"self":[{"href":"https:\/\/mentorday.es\/mentoradvisor\/wp-json\/wp\/v2\/rtcl_listing\/38120","targetHints":{"allow":["GET"]}}],"collection":[{"href":"https:\/\/mentorday.es\/mentoradvisor\/wp-json\/wp\/v2\/rtcl_listing"}],"about":[{"href":"https:\/\/mentorday.es\/mentoradvisor\/wp-json\/wp\/v2\/types\/rtcl_listing"}],"author":[{"embeddable":true,"href":"https:\/\/mentorday.es\/mentoradvisor\/wp-json\/wp\/v2\/users\/1"}],"wp:attachment":[{"href":"https:\/\/mentorday.es\/mentoradvisor\/wp-json\/wp\/v2\/media?parent=38120"}],"curies":[{"name":"wp","href":"https:\/\/api.w.org\/{rel}","templated":true}]}}

VICENTE MARÍA MARÍA DEL ARENAL OTERO

<p>VICENTE MARÍA DEL ARENAL OTERO</p>
